{"id":65477,"date":"2019-03-21T02:20:05","date_gmt":"2019-03-21T01:20:05","guid":{"rendered":"https:\/\/gastronomicament.cat\/alimentacio\/les-salines-de-menorca-un-lloc-i-una-sal-per-descobrir"},"modified":"2019-03-21T02:20:05","modified_gmt":"2019-03-21T01:20:05","slug":"les-salines-de-menorca-un-lloc-i-una-sal-per-descobrir","status":"publish","type":"alimentacio","link":"https:\/\/web2025.gastronomicament.cat\/de\/alimentacio\/les-salines-de-menorca-un-lloc-i-una-sal-per-descobrir","title":{"rendered":"Les salines de Menorca, un lloc i una sal per descobrir"},"content":{"rendered":"<p>Al municipi de Fornells, s&#8217;hi troben les salines de Menorca.\u00a0Es varen construir al segle XVIII, durant la dominaci\u00f3 anglesa de l&#8217;illa i des de l&#8217;any 2012 s\u00f3n propietat de\u00a0<strong>Pedro Mayor Pe\u00f1a<\/strong>\u00a0 i la seva filla\u00a0<strong>Isabel Mayor Garau<\/strong>, que han iniciat un proc\u00e9s de modernitzaci\u00f3 i adaptaci\u00f3 de la sal a les noves tend\u00e8ncies culin\u00e0ries, un moment en qu\u00e8 les instal\u00b7lacions estaven abandonades. D&#8217;aqu\u00ed sorgeix el nom de\u00a0<a href=\"http:\/\/www.flordefornells.com\/\"><strong>Flor de Fornells<\/strong><\/a>. A m\u00e9s de la flor de sal, hi trobareu sal amb tom\u00e0tiga seca, amb pebre coent, amb roman\u00ed, gingebre, com\u00ed, coriandre, pebre bo, i pebre bord.<\/p>\n<p>Les salines de Fornells es\u00a0<strong>poden visitar\u00a0<\/strong>del 5 de\u00a0<strong>juny\u00a0<\/strong>al 31 de\u00a0<strong>setembre<\/strong>, amb reserva previa, de dilluns a dissabte, a les 10 del mat\u00ed o a les 18 de l&#8217;horabaixa.<\/p>\n<p>Tamb\u00e9 us podeu allotjar a la Reserva la Concepci\u00f3, un recinte de turisme sostenible de la badia de Fornells,\u00a0un espai privilegiat per als amants de l&#8217;ornitologia.<\/p>\n","protected":false},"excerpt":{"rendered":"<p>Al municipi de Fornells, s&#8217;hi troben les salines de Menorca.\u00a0Es varen construir al segle XVIII<\/p>\n","protected":false},"author":1,"featured_media":64922,"menu_order":0,"comment_status":"open","ping_status":"closed","template":"","format":"gallery","meta":{"_acf_changed":false,"_swt_meta_header_display":false,"_swt_meta_footer_display":false,"_swt_meta_site_title_display":false,"_swt_meta_sticky_header":false,"_swt_meta_transparent_header":false,"footnotes":""},"categories":[],"empresa":[],"tipus-producte":[1572],"coauthors":[],"class_list":["post-65477","alimentacio","type-alimentacio","status-publish","format-gallery","has-post-thumbnail","hentry","tipus_producte-sal-de"],"acf":{"gallery":null,"home_date":{"home_begin_date":null,"home_end_date":null}},"yoast_head":"<!-- This site is optimized with the Yoast SEO plugin v27.2 - https:\/\/yoast.com\/product\/yoast-seo-wordpress\/ -->\n<title>Les salines de Menorca, un lloc i una sal per descobrir - Gastron\u00f2micament<\/title>\n<meta name=\"robots\" content=\"index, follow, max-snippet:-1, max-image-preview:large, max-video-preview:-1\" \/>\n<link rel=\"canonical\" href=\"https:\/\/web2025.gastronomicament.cat\/ca\/alimentacio\/les-salines-de-menorca-un-lloc-i-una-sal-per-descobrir\" \/>\n<meta property=\"og:locale\" content=\"de_DE\" \/>\n<meta property=\"og:type\" content=\"article\" \/>\n<meta property=\"og:title\" content=\"Les salines de Menorca, un lloc i una sal per descobrir - Gastron\u00f2micament\" \/>\n<meta property=\"og:description\" content=\"Al municipi de Fornells, s&#039;hi troben les salines de Menorca.\u00a0Es varen construir al segle XVIII\" \/>\n<meta property=\"og:url\" content=\"https:\/\/web2025.gastronomicament.cat\/ca\/alimentacio\/les-salines-de-menorca-un-lloc-i-una-sal-per-descobrir\" \/>\n<meta property=\"og:site_name\" content=\"Gastron\u00f2micament\" \/>\n<meta property=\"og:image\" content=\"https:\/\/web2025.gastronomicament.cat\/wp-content\/uploads\/2019\/03\/Salines-Menorca.jpg\" \/>\n\t<meta property=\"og:image:width\" content=\"1200\" \/>\n\t<meta property=\"og:image:height\" content=\"677\" \/>\n\t<meta property=\"og:image:type\" content=\"image\/jpeg\" \/>\n<meta name=\"twitter:card\" content=\"summary_large_image\" \/>\n<meta name=\"twitter:site\" content=\"@gastronomicamen\" \/>\n<meta name=\"twitter:label1\" content=\"Gesch\u00e4tzte Lesezeit\" \/>\n\t<meta name=\"twitter:data1\" content=\"1\u00a0Minute\" \/>\n\t<meta name=\"twitter:label2\" content=\"Written by\" \/>\n\t<meta name=\"twitter:data2\" content=\"Redacci\u00f3\" \/>\n<script type=\"application\/ld+json\" class=\"yoast-schema-graph\">{\"@context\":\"https:\/\/schema.org\",\"@graph\":[{\"@type\":\"WebPage\",\"@id\":\"https:\/\/web2025.gastronomicament.cat\/ca\/alimentacio\/les-salines-de-menorca-un-lloc-i-una-sal-per-descobrir\",\"url\":\"https:\/\/web2025.gastronomicament.cat\/ca\/alimentacio\/les-salines-de-menorca-un-lloc-i-una-sal-per-descobrir\",\"name\":\"Les salines de Menorca, un lloc i una sal per descobrir - Gastron\u00f2micament\",\"isPartOf\":{\"@id\":\"https:\/\/web2025.gastronomicament.cat\/es\/#website\"},\"primaryImageOfPage\":{\"@id\":\"https:\/\/web2025.gastronomicament.cat\/ca\/alimentacio\/les-salines-de-menorca-un-lloc-i-una-sal-per-descobrir#primaryimage\"},\"image\":{\"@id\":\"https:\/\/web2025.gastronomicament.cat\/ca\/alimentacio\/les-salines-de-menorca-un-lloc-i-una-sal-per-descobrir#primaryimage\"},\"thumbnailUrl\":\"https:\/\/web2025.gastronomicament.cat\/wp-content\/uploads\/2019\/03\/Salines-Menorca.jpg\",\"datePublished\":\"2019-03-21T01:20:05+00:00\",\"breadcrumb\":{\"@id\":\"https:\/\/web2025.gastronomicament.cat\/ca\/alimentacio\/les-salines-de-menorca-un-lloc-i-una-sal-per-descobrir#breadcrumb\"},\"inLanguage\":\"de\",\"potentialAction\":[{\"@type\":\"ReadAction\",\"target\":[\"https:\/\/web2025.gastronomicament.cat\/ca\/alimentacio\/les-salines-de-menorca-un-lloc-i-una-sal-per-descobrir\"]}]},{\"@type\":\"ImageObject\",\"inLanguage\":\"de\",\"@id\":\"https:\/\/web2025.gastronomicament.cat\/ca\/alimentacio\/les-salines-de-menorca-un-lloc-i-una-sal-per-descobrir#primaryimage\",\"url\":\"https:\/\/web2025.gastronomicament.cat\/wp-content\/uploads\/2019\/03\/Salines-Menorca.jpg\",\"contentUrl\":\"https:\/\/web2025.gastronomicament.cat\/wp-content\/uploads\/2019\/03\/Salines-Menorca.jpg\",\"width\":1200,\"height\":677},{\"@type\":\"BreadcrumbList\",\"@id\":\"https:\/\/web2025.gastronomicament.cat\/ca\/alimentacio\/les-salines-de-menorca-un-lloc-i-una-sal-per-descobrir#breadcrumb\",\"itemListElement\":[{\"@type\":\"ListItem\",\"position\":1,\"name\":\"Alimentaci\u00f3\",\"item\":\"https:\/\/web2025.gastronomicament.cat\/es\/cercador-alimentacio\"},{\"@type\":\"ListItem\",\"position\":2,\"name\":\"Les salines de Menorca, un lloc i una sal per descobrir\"}]},{\"@type\":\"WebSite\",\"@id\":\"https:\/\/web2025.gastronomicament.cat\/es\/#website\",\"url\":\"https:\/\/web2025.gastronomicament.cat\/es\/\",\"name\":\"Gastron\u00f2micament\",\"description\":\"Portal de restaurants, receptes i actualitat gastron\u00f2mica\",\"publisher\":{\"@id\":\"https:\/\/web2025.gastronomicament.cat\/es\/#organization\"},\"potentialAction\":[{\"@type\":\"SearchAction\",\"target\":{\"@type\":\"EntryPoint\",\"urlTemplate\":\"https:\/\/web2025.gastronomicament.cat\/es\/?s={search_term_string}\"},\"query-input\":{\"@type\":\"PropertyValueSpecification\",\"valueRequired\":true,\"valueName\":\"search_term_string\"}}],\"inLanguage\":\"de\"},{\"@type\":\"Organization\",\"@id\":\"https:\/\/web2025.gastronomicament.cat\/es\/#organization\",\"name\":\"Gastron\u00f2micament\",\"url\":\"https:\/\/web2025.gastronomicament.cat\/es\/\",\"logo\":{\"@type\":\"ImageObject\",\"inLanguage\":\"de\",\"@id\":\"https:\/\/web2025.gastronomicament.cat\/es\/#\/schema\/logo\/image\/\",\"url\":\"https:\/\/web2025.gastronomicament.cat\/wp-content\/uploads\/2016\/09\/header-logo.jpg\",\"contentUrl\":\"https:\/\/web2025.gastronomicament.cat\/wp-content\/uploads\/2016\/09\/header-logo.jpg\",\"width\":277,\"height\":39,\"caption\":\"Gastron\u00f2micament\"},\"image\":{\"@id\":\"https:\/\/web2025.gastronomicament.cat\/es\/#\/schema\/logo\/image\/\"},\"sameAs\":[\"https:\/\/x.com\/gastronomicamen\"]}]}<\/script>\n<!-- \/ Yoast SEO plugin. -->","yoast_head_json":{"title":"Les salines de Menorca, un lloc i una sal per descobrir - Gastron\u00f2micament","robots":{"index":"index","follow":"follow","max-snippet":"max-snippet:-1","max-image-preview":"max-image-preview:large","max-video-preview":"max-video-preview:-1"},"canonical":"https:\/\/web2025.gastronomicament.cat\/ca\/alimentacio\/les-salines-de-menorca-un-lloc-i-una-sal-per-descobrir","og_locale":"de_DE","og_type":"article","og_title":"Les salines de Menorca, un lloc i una sal per descobrir - Gastron\u00f2micament","og_description":"Al municipi de Fornells, s'hi troben les salines de Menorca.\u00a0Es varen construir al segle XVIII","og_url":"https:\/\/web2025.gastronomicament.cat\/ca\/alimentacio\/les-salines-de-menorca-un-lloc-i-una-sal-per-descobrir","og_site_name":"Gastron\u00f2micament","og_image":[{"width":1200,"height":677,"url":"https:\/\/web2025.gastronomicament.cat\/wp-content\/uploads\/2019\/03\/Salines-Menorca.jpg","type":"image\/jpeg"}],"twitter_card":"summary_large_image","twitter_site":"@gastronomicamen","twitter_misc":{"Gesch\u00e4tzte Lesezeit":"1\u00a0Minute","Written by":"Redacci\u00f3"},"schema":{"@context":"https:\/\/schema.org","@graph":[{"@type":"WebPage","@id":"https:\/\/web2025.gastronomicament.cat\/ca\/alimentacio\/les-salines-de-menorca-un-lloc-i-una-sal-per-descobrir","url":"https:\/\/web2025.gastronomicament.cat\/ca\/alimentacio\/les-salines-de-menorca-un-lloc-i-una-sal-per-descobrir","name":"Les salines de Menorca, un lloc i una sal per descobrir - Gastron\u00f2micament","isPartOf":{"@id":"https:\/\/web2025.gastronomicament.cat\/es\/#website"},"primaryImageOfPage":{"@id":"https:\/\/web2025.gastronomicament.cat\/ca\/alimentacio\/les-salines-de-menorca-un-lloc-i-una-sal-per-descobrir#primaryimage"},"image":{"@id":"https:\/\/web2025.gastronomicament.cat\/ca\/alimentacio\/les-salines-de-menorca-un-lloc-i-una-sal-per-descobrir#primaryimage"},"thumbnailUrl":"https:\/\/web2025.gastronomicament.cat\/wp-content\/uploads\/2019\/03\/Salines-Menorca.jpg","datePublished":"2019-03-21T01:20:05+00:00","breadcrumb":{"@id":"https:\/\/web2025.gastronomicament.cat\/ca\/alimentacio\/les-salines-de-menorca-un-lloc-i-una-sal-per-descobrir#breadcrumb"},"inLanguage":"de","potentialAction":[{"@type":"ReadAction","target":["https:\/\/web2025.gastronomicament.cat\/ca\/alimentacio\/les-salines-de-menorca-un-lloc-i-una-sal-per-descobrir"]}]},{"@type":"ImageObject","inLanguage":"de","@id":"https:\/\/web2025.gastronomicament.cat\/ca\/alimentacio\/les-salines-de-menorca-un-lloc-i-una-sal-per-descobrir#primaryimage","url":"https:\/\/web2025.gastronomicament.cat\/wp-content\/uploads\/2019\/03\/Salines-Menorca.jpg","contentUrl":"https:\/\/web2025.gastronomicament.cat\/wp-content\/uploads\/2019\/03\/Salines-Menorca.jpg","width":1200,"height":677},{"@type":"BreadcrumbList","@id":"https:\/\/web2025.gastronomicament.cat\/ca\/alimentacio\/les-salines-de-menorca-un-lloc-i-una-sal-per-descobrir#breadcrumb","itemListElement":[{"@type":"ListItem","position":1,"name":"Alimentaci\u00f3","item":"https:\/\/web2025.gastronomicament.cat\/es\/cercador-alimentacio"},{"@type":"ListItem","position":2,"name":"Les salines de Menorca, un lloc i una sal per descobrir"}]},{"@type":"WebSite","@id":"https:\/\/web2025.gastronomicament.cat\/es\/#website","url":"https:\/\/web2025.gastronomicament.cat\/es\/","name":"Gastron\u00f2micament","description":"Portal de restaurants, receptes i actualitat gastron\u00f2mica","publisher":{"@id":"https:\/\/web2025.gastronomicament.cat\/es\/#organization"},"potentialAction":[{"@type":"SearchAction","target":{"@type":"EntryPoint","urlTemplate":"https:\/\/web2025.gastronomicament.cat\/es\/?s={search_term_string}"},"query-input":{"@type":"PropertyValueSpecification","valueRequired":true,"valueName":"search_term_string"}}],"inLanguage":"de"},{"@type":"Organization","@id":"https:\/\/web2025.gastronomicament.cat\/es\/#organization","name":"Gastron\u00f2micament","url":"https:\/\/web2025.gastronomicament.cat\/es\/","logo":{"@type":"ImageObject","inLanguage":"de","@id":"https:\/\/web2025.gastronomicament.cat\/es\/#\/schema\/logo\/image\/","url":"https:\/\/web2025.gastronomicament.cat\/wp-content\/uploads\/2016\/09\/header-logo.jpg","contentUrl":"https:\/\/web2025.gastronomicament.cat\/wp-content\/uploads\/2016\/09\/header-logo.jpg","width":277,"height":39,"caption":"Gastron\u00f2micament"},"image":{"@id":"https:\/\/web2025.gastronomicament.cat\/es\/#\/schema\/logo\/image\/"},"sameAs":["https:\/\/x.com\/gastronomicamen"]}]}},"_links":{"self":[{"href":"https:\/\/web2025.gastronomicament.cat\/de\/wp-json\/wp\/v2\/alimentacio\/65477","targetHints":{"allow":["GET"]}}],"collection":[{"href":"https:\/\/web2025.gastronomicament.cat\/de\/wp-json\/wp\/v2\/alimentacio"}],"about":[{"href":"https:\/\/web2025.gastronomicament.cat\/de\/wp-json\/wp\/v2\/types\/alimentacio"}],"author":[{"embeddable":true,"href":"https:\/\/web2025.gastronomicament.cat\/de\/wp-json\/wp\/v2\/users\/1"}],"replies":[{"embeddable":true,"href":"https:\/\/web2025.gastronomicament.cat\/de\/wp-json\/wp\/v2\/comments?post=65477"}],"version-history":[{"count":0,"href":"https:\/\/web2025.gastronomicament.cat\/de\/wp-json\/wp\/v2\/alimentacio\/65477\/revisions"}],"wp:featuredmedia":[{"embeddable":true,"href":"https:\/\/web2025.gastronomicament.cat\/de\/wp-json\/wp\/v2\/media\/64922"}],"wp:attachment":[{"href":"https:\/\/web2025.gastronomicament.cat\/de\/wp-json\/wp\/v2\/media?parent=65477"}],"wp:term":[{"taxonomy":"category","embeddable":true,"href":"https:\/\/web2025.gastronomicament.cat\/de\/wp-json\/wp\/v2\/categories?post=65477"},{"taxonomy":"empresa","embeddable":true,"href":"https:\/\/web2025.gastronomicament.cat\/de\/wp-json\/wp\/v2\/empresa?post=65477"},{"taxonomy":"tipus_producte","embeddable":true,"href":"https:\/\/web2025.gastronomicament.cat\/de\/wp-json\/wp\/v2\/tipus-producte?post=65477"},{"taxonomy":"author","embeddable":true,"href":"https:\/\/web2025.gastronomicament.cat\/de\/wp-json\/wp\/v2\/coauthors?post=65477"}],"curies":[{"name":"wp","href":"https:\/\/api.w.org\/{rel}","templated":true}]}}

<p>Al municipi de Fornells, s&#8217;hi troben les salines de Menorca. Es varen construir al segle XVIII, durant la dominació anglesa de l&#8217;illa i des de l&#8217;any 2012 són propietat de <strong>Pedro Mayor Peña</strong>  i la seva filla <strong>Isabel Mayor Garau</strong>, que han iniciat un procés de modernització i adaptació de la sal a les noves tendències culinàries, un moment en què les instal·lacions estaven abandonades. D&#8217;aquí sorgeix el nom de <a href="http://www.flordefornells.com/"><strong>Flor de Fornells</strong></a>. A més de la flor de sal, hi trobareu sal amb tomàtiga seca, amb pebre coent, amb romaní, gingebre, comí, coriandre, pebre bo, i pebre bord.</p>
<p>Les salines de Fornells es <strong>poden visitar </strong>del 5 de <strong>juny </strong>al 31 de <strong>setembre</strong>, amb reserva previa, de dilluns a dissabte, a les 10 del matí o a les 18 de l&#8217;horabaixa.</p>
<p>També us podeu allotjar a la Reserva la Concepció, un recinte de turisme sostenible de la badia de Fornells, un espai privilegiat per als amants de l&#8217;ornitologia.</p>

<!-- This site is optimized with the Yoast SEO plugin v27.2 - https://yoast.com/product/yoast-seo-wordpress/ -->
<title>Les salines de Menorca, un lloc i una sal per descobrir - Gastronòmicament</title>
<meta name="robots" content="index, follow, max-snippet:-1, max-image-preview:large, max-video-preview:-1" />
<link rel="canonical" href="https://web2025.gastronomicament.cat/ca/alimentacio/les-salines-de-menorca-un-lloc-i-una-sal-per-descobrir" />
<meta property="og:locale" content="de_DE" />
<meta property="og:type" content="article" />
<meta property="og:title" content="Les salines de Menorca, un lloc i una sal per descobrir - Gastronòmicament" />
<meta property="og:description" content="Al municipi de Fornells, s&#039;hi troben les salines de Menorca. Es varen construir al segle XVIII" />
<meta property="og:url" content="https://web2025.gastronomicament.cat/ca/alimentacio/les-salines-de-menorca-un-lloc-i-una-sal-per-descobrir" />
<meta property="og:site_name" content="Gastronòmicament" />
<meta property="og:image" content="https://web2025.gastronomicament.cat/wp-content/uploads/2019/03/Salines-Menorca.jpg" />
	<meta property="og:image:width" content="1200" />
	<meta property="og:image:height" content="677" />
	<meta property="og:image:type" content="image/jpeg" />
<meta name="twitter:card" content="summary_large_image" />
<meta name="twitter:site" content="@gastronomicamen" />
<meta name="twitter:label1" content="Geschätzte Lesezeit" />
	<meta name="twitter:data1" content="1 Minute" />
	<meta name="twitter:label2" content="Written by" />
	<meta name="twitter:data2" content="Redacció" />
<script type="application/ld+json" class="yoast-schema-graph">{"@context":"https://schema.org","@graph":[{"@type":"WebPage","@id":"https://web2025.gastronomicament.cat/ca/alimentacio/les-salines-de-menorca-un-lloc-i-una-sal-per-descobrir","url":"https://web2025.gastronomicament.cat/ca/alimentacio/les-salines-de-menorca-un-lloc-i-una-sal-per-descobrir","name":"Les salines de Menorca, un lloc i una sal per descobrir - Gastronòmicament","isPartOf":{"@id":"https://web2025.gastronomicament.cat/es/#website"},"primaryImageOfPage":{"@id":"https://web2025.gastronomicament.cat/ca/alimentacio/les-salines-de-menorca-un-lloc-i-una-sal-per-descobrir#primaryimage"},"image":{"@id":"https://web2025.gastronomicament.cat/ca/alimentacio/les-salines-de-menorca-un-lloc-i-una-sal-per-descobrir#primaryimage"},"thumbnailUrl":"https://web2025.gastronomicament.cat/wp-content/uploads/2019/03/Salines-Menorca.jpg","datePublished":"2019-03-21T01:20:05+00:00","breadcrumb":{"@id":"https://web2025.gastronomicament.cat/ca/alimentacio/les-salines-de-menorca-un-lloc-i-una-sal-per-descobrir#breadcrumb"},"inLanguage":"de","potentialAction":[{"@type":"ReadAction","target":["https://web2025.gastronomicament.cat/ca/alimentacio/les-salines-de-menorca-un-lloc-i-una-sal-per-descobrir"]}]},{"@type":"ImageObject","inLanguage":"de","@id":"https://web2025.gastronomicament.cat/ca/alimentacio/les-salines-de-menorca-un-lloc-i-una-sal-per-descobrir#primaryimage","url":"https://web2025.gastronomicament.cat/wp-content/uploads/2019/03/Salines-Menorca.jpg","contentUrl":"https://web2025.gastronomicament.cat/wp-content/uploads/2019/03/Salines-Menorca.jpg","width":1200,"height":677},{"@type":"BreadcrumbList","@id":"https://web2025.gastronomicament.cat/ca/alimentacio/les-salines-de-menorca-un-lloc-i-una-sal-per-descobrir#breadcrumb","itemListElement":[{"@type":"ListItem","position":1,"name":"Alimentació","item":"https://web2025.gastronomicament.cat/es/cercador-alimentacio"},{"@type":"ListItem","position":2,"name":"Les salines de Menorca, un lloc i una sal per descobrir"}]},{"@type":"WebSite","@id":"https://web2025.gastronomicament.cat/es/#website","url":"https://web2025.gastronomicament.cat/es/","name":"Gastronòmicament","description":"Portal de restaurants, receptes i actualitat gastronòmica","publisher":{"@id":"https://web2025.gastronomicament.cat/es/#organization"},"potentialAction":[{"@type":"SearchAction","target":{"@type":"EntryPoint","urlTemplate":"https://web2025.gastronomicament.cat/es/?s={search_term_string}"},"query-input":{"@type":"PropertyValueSpecification","valueRequired":true,"valueName":"search_term_string"}}],"inLanguage":"de"},{"@type":"Organization","@id":"https://web2025.gastronomicament.cat/es/#organization","name":"Gastronòmicament","url":"https://web2025.gastronomicament.cat/es/","logo":{"@type":"ImageObject","inLanguage":"de","@id":"https://web2025.gastronomicament.cat/es/#/schema/logo/image/","url":"https://web2025.gastronomicament.cat/wp-content/uploads/2016/09/header-logo.jpg","contentUrl":"https://web2025.gastronomicament.cat/wp-content/uploads/2016/09/header-logo.jpg","width":277,"height":39,"caption":"Gastronòmicament"},"image":{"@id":"https://web2025.gastronomicament.cat/es/#/schema/logo/image/"},"sameAs":["https://x.com/gastronomicamen"]}]}</script>
<!-- / Yoast SEO plugin. -->

Les salines de Menorca, un lloc i una sal per descobrir - Gastronòmicament

Gastronòmicament

Redacció

Alimentació

Portal de restaurants, receptes i actualitat gastronòmica
