{"id":13612,"date":"2014-04-07T21:05:56","date_gmt":"2014-04-07T19:05:56","guid":{"rendered":"http:\/\/gastronomicament.cat\/?p=13612"},"modified":"2022-04-07T11:00:48","modified_gmt":"2022-04-07T09:00:48","slug":"estel-de-ceba-botiga","status":"publish","type":"alimentacio","link":"https:\/\/web2025.gastronomicament.cat\/ca\/alimentacio\/estel-de-ceba-botiga","title":{"rendered":"Estel de Ceba. Botiga"},"content":{"rendered":"<p><strong>Carrer<\/strong>: Passatge Maneu, 2.. Palma<br \/>\n<strong>Tel\u00e8fon<\/strong>: <a href=\"tel:971919157\">971 91 91 57<\/a><br \/>\n<strong>Preu<\/strong>: 4-6 euros<br \/>\n<strong>Horari<\/strong>: Obert de dilluns a dissabte<\/p>\n<p>A m\u00e9s de plats de cuina tradicional, a Estel de Ceba hi trobareu una selecci\u00f3 de productes d&#8217;arreu dels Pa\u00efsos Catalans. Hi trobareu cervesa de Mallorca i de Menorca, pat\u00e9s de Consell, Vi de Menorca, Val\u00e8ncia i Mallorca, confitures, formatges, sobrassada i molt m\u00e9s. Tamb\u00e9 podeu fer els vostres enc\u00e0rrecs per regalar als que m\u00e9s estimau.<\/p>\n<p>Consultau les seves especialitats a: <a href=\"http:\/\/gastronomicament.cat\/estel-de-ceba-menjar-per-endur\" title=\"Estel de Ceba Palma\">Estel de Ceba<\/a><\/p>\n<p>&nbsp;<\/p>\n<p><!--more--><\/p>\n","protected":false},"excerpt":{"rendered":"<p>Carrer: Passatge Maneu, 2.. Palma Tel\u00e8fon: 971 91 91 57 Preu: 4-6 euros Horari: Obert de dilluns a dissabte A m\u00e9s de plats de cuina tradicional, a Estel de Ceba hi trobareu una selecci\u00f3 de productes d&#8217;arreu dels Pa\u00efsos Catalans. Hi trobareu cervesa de Mallorca i de Menorca, pat\u00e9s de Consell, Vi de Menorca, Val\u00e8ncia [&hellip;]<\/p>\n","protected":false},"author":1,"featured_media":13614,"menu_order":0,"comment_status":"open","ping_status":"closed","template":"","format":"standard","meta":{"_acf_changed":false,"_swt_meta_header_display":false,"_swt_meta_footer_display":false,"_swt_meta_site_title_display":false,"_swt_meta_sticky_header":false,"_swt_meta_transparent_header":false,"footnotes":""},"categories":[693],"empresa":[912],"tipus-producte":[800],"coauthors":[],"class_list":["post-13612","alimentacio","type-alimentacio","status-publish","format-standard","has-post-thumbnail","hentry","category-alimentacio","empresa-estel-de-ceba","tipus_producte-botiga-gurmet"],"acf":{"gallery":null,"home_date":{"home_begin_date":null,"home_end_date":null}},"yoast_head":"<!-- This site is optimized with the Yoast SEO plugin v27.2 - https:\/\/yoast.com\/product\/yoast-seo-wordpress\/ -->\n<title>Estel de Ceba<\/title>\n<meta name=\"description\" content=\"Estel de Ceba. Botiga gurmet. Palma - Tienda gourmet\" \/>\n<meta name=\"robots\" content=\"index, follow, max-snippet:-1, max-image-preview:large, max-video-preview:-1\" \/>\n<link rel=\"canonical\" href=\"https:\/\/web2025.gastronomicament.cat\/ca\/alimentacio\/estel-de-ceba-botiga\" \/>\n<meta property=\"og:locale\" content=\"ca_ES\" \/>\n<meta property=\"og:type\" content=\"article\" \/>\n<meta property=\"og:title\" content=\"Estel de Ceba\" \/>\n<meta property=\"og:description\" content=\"Estel de Ceba. Botiga gurmet. Palma - Tienda gourmet\" \/>\n<meta property=\"og:url\" content=\"https:\/\/web2025.gastronomicament.cat\/ca\/alimentacio\/estel-de-ceba-botiga\" \/>\n<meta property=\"og:site_name\" content=\"Gastron\u00f2micament\" \/>\n<meta property=\"article:modified_time\" content=\"2022-04-07T09:00:48+00:00\" \/>\n<meta property=\"og:image\" content=\"https:\/\/web2025.gastronomicament.cat\/wp-content\/uploads\/2014\/04\/productes-estel-de-ceba1.jpg\" \/>\n\t<meta property=\"og:image:width\" content=\"1800\" \/>\n\t<meta property=\"og:image:height\" content=\"1196\" \/>\n\t<meta property=\"og:image:type\" content=\"image\/jpeg\" \/>\n<meta name=\"twitter:card\" content=\"summary_large_image\" \/>\n<meta name=\"twitter:site\" content=\"@gastronomicamen\" \/>\n<meta name=\"twitter:label1\" content=\"Written by\" \/>\n\t<meta name=\"twitter:data1\" content=\"Redacci\u00f3\" \/>\n<script type=\"application\/ld+json\" class=\"yoast-schema-graph\">{\"@context\":\"https:\/\/schema.org\",\"@graph\":[{\"@type\":\"WebPage\",\"@id\":\"https:\/\/web2025.gastronomicament.cat\/ca\/alimentacio\/estel-de-ceba-botiga\",\"url\":\"https:\/\/web2025.gastronomicament.cat\/ca\/alimentacio\/estel-de-ceba-botiga\",\"name\":\"Estel de Ceba\",\"isPartOf\":{\"@id\":\"https:\/\/web2025.gastronomicament.cat\/es\/#website\"},\"primaryImageOfPage\":{\"@id\":\"https:\/\/web2025.gastronomicament.cat\/ca\/alimentacio\/estel-de-ceba-botiga#primaryimage\"},\"image\":{\"@id\":\"https:\/\/web2025.gastronomicament.cat\/ca\/alimentacio\/estel-de-ceba-botiga#primaryimage\"},\"thumbnailUrl\":\"https:\/\/web2025.gastronomicament.cat\/wp-content\/uploads\/2014\/04\/productes-estel-de-ceba1.jpg\",\"datePublished\":\"2014-04-07T19:05:56+00:00\",\"dateModified\":\"2022-04-07T09:00:48+00:00\",\"description\":\"Estel de Ceba. Botiga gurmet. Palma - Tienda gourmet\",\"breadcrumb\":{\"@id\":\"https:\/\/web2025.gastronomicament.cat\/ca\/alimentacio\/estel-de-ceba-botiga#breadcrumb\"},\"inLanguage\":\"ca-ES\",\"potentialAction\":[{\"@type\":\"ReadAction\",\"target\":[\"https:\/\/web2025.gastronomicament.cat\/ca\/alimentacio\/estel-de-ceba-botiga\"]}]},{\"@type\":\"ImageObject\",\"inLanguage\":\"ca-ES\",\"@id\":\"https:\/\/web2025.gastronomicament.cat\/ca\/alimentacio\/estel-de-ceba-botiga#primaryimage\",\"url\":\"https:\/\/web2025.gastronomicament.cat\/wp-content\/uploads\/2014\/04\/productes-estel-de-ceba1.jpg\",\"contentUrl\":\"https:\/\/web2025.gastronomicament.cat\/wp-content\/uploads\/2014\/04\/productes-estel-de-ceba1.jpg\",\"width\":1800,\"height\":1196},{\"@type\":\"BreadcrumbList\",\"@id\":\"https:\/\/web2025.gastronomicament.cat\/ca\/alimentacio\/estel-de-ceba-botiga#breadcrumb\",\"itemListElement\":[{\"@type\":\"ListItem\",\"position\":1,\"name\":\"Alimentaci\u00f3\",\"item\":\"https:\/\/web2025.gastronomicament.cat\/es\/cercador-alimentacio\"},{\"@type\":\"ListItem\",\"position\":2,\"name\":\"Estel de Ceba. Botiga\"}]},{\"@type\":\"WebSite\",\"@id\":\"https:\/\/web2025.gastronomicament.cat\/es\/#website\",\"url\":\"https:\/\/web2025.gastronomicament.cat\/es\/\",\"name\":\"Gastron\u00f2micament\",\"description\":\"Portal de restaurants, receptes i actualitat gastron\u00f2mica\",\"publisher\":{\"@id\":\"https:\/\/web2025.gastronomicament.cat\/es\/#organization\"},\"potentialAction\":[{\"@type\":\"SearchAction\",\"target\":{\"@type\":\"EntryPoint\",\"urlTemplate\":\"https:\/\/web2025.gastronomicament.cat\/es\/?s={search_term_string}\"},\"query-input\":{\"@type\":\"PropertyValueSpecification\",\"valueRequired\":true,\"valueName\":\"search_term_string\"}}],\"inLanguage\":\"ca-ES\"},{\"@type\":\"Organization\",\"@id\":\"https:\/\/web2025.gastronomicament.cat\/es\/#organization\",\"name\":\"Gastron\u00f2micament\",\"url\":\"https:\/\/web2025.gastronomicament.cat\/es\/\",\"logo\":{\"@type\":\"ImageObject\",\"inLanguage\":\"ca-ES\",\"@id\":\"https:\/\/web2025.gastronomicament.cat\/es\/#\/schema\/logo\/image\/\",\"url\":\"https:\/\/web2025.gastronomicament.cat\/wp-content\/uploads\/2016\/09\/header-logo.jpg\",\"contentUrl\":\"https:\/\/web2025.gastronomicament.cat\/wp-content\/uploads\/2016\/09\/header-logo.jpg\",\"width\":277,\"height\":39,\"caption\":\"Gastron\u00f2micament\"},\"image\":{\"@id\":\"https:\/\/web2025.gastronomicament.cat\/es\/#\/schema\/logo\/image\/\"},\"sameAs\":[\"https:\/\/x.com\/gastronomicamen\"]}]}<\/script>\n<!-- \/ Yoast SEO plugin. -->","yoast_head_json":{"title":"Estel de Ceba","description":"Estel de Ceba. Botiga gurmet. Palma - Tienda gourmet","robots":{"index":"index","follow":"follow","max-snippet":"max-snippet:-1","max-image-preview":"max-image-preview:large","max-video-preview":"max-video-preview:-1"},"canonical":"https:\/\/web2025.gastronomicament.cat\/ca\/alimentacio\/estel-de-ceba-botiga","og_locale":"ca_ES","og_type":"article","og_title":"Estel de Ceba","og_description":"Estel de Ceba. Botiga gurmet. Palma - Tienda gourmet","og_url":"https:\/\/web2025.gastronomicament.cat\/ca\/alimentacio\/estel-de-ceba-botiga","og_site_name":"Gastron\u00f2micament","article_modified_time":"2022-04-07T09:00:48+00:00","og_image":[{"width":1800,"height":1196,"url":"https:\/\/web2025.gastronomicament.cat\/wp-content\/uploads\/2014\/04\/productes-estel-de-ceba1.jpg","type":"image\/jpeg"}],"twitter_card":"summary_large_image","twitter_site":"@gastronomicamen","twitter_misc":{"Written by":"Redacci\u00f3"},"schema":{"@context":"https:\/\/schema.org","@graph":[{"@type":"WebPage","@id":"https:\/\/web2025.gastronomicament.cat\/ca\/alimentacio\/estel-de-ceba-botiga","url":"https:\/\/web2025.gastronomicament.cat\/ca\/alimentacio\/estel-de-ceba-botiga","name":"Estel de Ceba","isPartOf":{"@id":"https:\/\/web2025.gastronomicament.cat\/es\/#website"},"primaryImageOfPage":{"@id":"https:\/\/web2025.gastronomicament.cat\/ca\/alimentacio\/estel-de-ceba-botiga#primaryimage"},"image":{"@id":"https:\/\/web2025.gastronomicament.cat\/ca\/alimentacio\/estel-de-ceba-botiga#primaryimage"},"thumbnailUrl":"https:\/\/web2025.gastronomicament.cat\/wp-content\/uploads\/2014\/04\/productes-estel-de-ceba1.jpg","datePublished":"2014-04-07T19:05:56+00:00","dateModified":"2022-04-07T09:00:48+00:00","description":"Estel de Ceba. Botiga gurmet. Palma - Tienda gourmet","breadcrumb":{"@id":"https:\/\/web2025.gastronomicament.cat\/ca\/alimentacio\/estel-de-ceba-botiga#breadcrumb"},"inLanguage":"ca-ES","potentialAction":[{"@type":"ReadAction","target":["https:\/\/web2025.gastronomicament.cat\/ca\/alimentacio\/estel-de-ceba-botiga"]}]},{"@type":"ImageObject","inLanguage":"ca-ES","@id":"https:\/\/web2025.gastronomicament.cat\/ca\/alimentacio\/estel-de-ceba-botiga#primaryimage","url":"https:\/\/web2025.gastronomicament.cat\/wp-content\/uploads\/2014\/04\/productes-estel-de-ceba1.jpg","contentUrl":"https:\/\/web2025.gastronomicament.cat\/wp-content\/uploads\/2014\/04\/productes-estel-de-ceba1.jpg","width":1800,"height":1196},{"@type":"BreadcrumbList","@id":"https:\/\/web2025.gastronomicament.cat\/ca\/alimentacio\/estel-de-ceba-botiga#breadcrumb","itemListElement":[{"@type":"ListItem","position":1,"name":"Alimentaci\u00f3","item":"https:\/\/web2025.gastronomicament.cat\/es\/cercador-alimentacio"},{"@type":"ListItem","position":2,"name":"Estel de Ceba. Botiga"}]},{"@type":"WebSite","@id":"https:\/\/web2025.gastronomicament.cat\/es\/#website","url":"https:\/\/web2025.gastronomicament.cat\/es\/","name":"Gastron\u00f2micament","description":"Portal de restaurants, receptes i actualitat gastron\u00f2mica","publisher":{"@id":"https:\/\/web2025.gastronomicament.cat\/es\/#organization"},"potentialAction":[{"@type":"SearchAction","target":{"@type":"EntryPoint","urlTemplate":"https:\/\/web2025.gastronomicament.cat\/es\/?s={search_term_string}"},"query-input":{"@type":"PropertyValueSpecification","valueRequired":true,"valueName":"search_term_string"}}],"inLanguage":"ca-ES"},{"@type":"Organization","@id":"https:\/\/web2025.gastronomicament.cat\/es\/#organization","name":"Gastron\u00f2micament","url":"https:\/\/web2025.gastronomicament.cat\/es\/","logo":{"@type":"ImageObject","inLanguage":"ca-ES","@id":"https:\/\/web2025.gastronomicament.cat\/es\/#\/schema\/logo\/image\/","url":"https:\/\/web2025.gastronomicament.cat\/wp-content\/uploads\/2016\/09\/header-logo.jpg","contentUrl":"https:\/\/web2025.gastronomicament.cat\/wp-content\/uploads\/2016\/09\/header-logo.jpg","width":277,"height":39,"caption":"Gastron\u00f2micament"},"image":{"@id":"https:\/\/web2025.gastronomicament.cat\/es\/#\/schema\/logo\/image\/"},"sameAs":["https:\/\/x.com\/gastronomicamen"]}]}},"_links":{"self":[{"href":"https:\/\/web2025.gastronomicament.cat\/ca\/wp-json\/wp\/v2\/alimentacio\/13612","targetHints":{"allow":["GET"]}}],"collection":[{"href":"https:\/\/web2025.gastronomicament.cat\/ca\/wp-json\/wp\/v2\/alimentacio"}],"about":[{"href":"https:\/\/web2025.gastronomicament.cat\/ca\/wp-json\/wp\/v2\/types\/alimentacio"}],"author":[{"embeddable":true,"href":"https:\/\/web2025.gastronomicament.cat\/ca\/wp-json\/wp\/v2\/users\/1"}],"replies":[{"embeddable":true,"href":"https:\/\/web2025.gastronomicament.cat\/ca\/wp-json\/wp\/v2\/comments?post=13612"}],"version-history":[{"count":0,"href":"https:\/\/web2025.gastronomicament.cat\/ca\/wp-json\/wp\/v2\/alimentacio\/13612\/revisions"}],"wp:featuredmedia":[{"embeddable":true,"href":"https:\/\/web2025.gastronomicament.cat\/ca\/wp-json\/wp\/v2\/media\/13614"}],"wp:attachment":[{"href":"https:\/\/web2025.gastronomicament.cat\/ca\/wp-json\/wp\/v2\/media?parent=13612"}],"wp:term":[{"taxonomy":"category","embeddable":true,"href":"https:\/\/web2025.gastronomicament.cat\/ca\/wp-json\/wp\/v2\/categories?post=13612"},{"taxonomy":"empresa","embeddable":true,"href":"https:\/\/web2025.gastronomicament.cat\/ca\/wp-json\/wp\/v2\/empresa?post=13612"},{"taxonomy":"tipus_producte","embeddable":true,"href":"https:\/\/web2025.gastronomicament.cat\/ca\/wp-json\/wp\/v2\/tipus-producte?post=13612"},{"taxonomy":"author","embeddable":true,"href":"https:\/\/web2025.gastronomicament.cat\/ca\/wp-json\/wp\/v2\/coauthors?post=13612"}],"curies":[{"name":"wp","href":"https:\/\/api.w.org\/{rel}","templated":true}]}}

<p><strong>Carrer</strong>: Passatge Maneu, 2.. Palma<br />
<strong>Telèfon</strong>: <a href="tel:971919157">971 91 91 57</a><br />
<strong>Preu</strong>: 4-6 euros<br />
<strong>Horari</strong>: Obert de dilluns a dissabte</p>
<p>A més de plats de cuina tradicional, a Estel de Ceba hi trobareu una selecció de productes d&#8217;arreu dels Països Catalans. Hi trobareu cervesa de Mallorca i de Menorca, patés de Consell, Vi de Menorca, València i Mallorca, confitures, formatges, sobrassada i molt més. També podeu fer els vostres encàrrecs per regalar als que més estimau.</p>
<p>Consultau les seves especialitats a: <a href="http://gastronomicament.cat/estel-de-ceba-menjar-per-endur" title="Estel de Ceba Palma">Estel de Ceba</a></p>
<p>&nbsp;</p>
<p><!--more--></p>

<p>Carrer: Passatge Maneu, 2.. Palma Telèfon: 971 91 91 57 Preu: 4-6 euros Horari: Obert de dilluns a dissabte A més de plats de cuina tradicional, a Estel de Ceba hi trobareu una selecció de productes d&#8217;arreu dels Països Catalans. Hi trobareu cervesa de Mallorca i de Menorca, patés de Consell, Vi de Menorca, València [&hellip;]</p>

<!-- This site is optimized with the Yoast SEO plugin v27.2 - https://yoast.com/product/yoast-seo-wordpress/ -->
<title>Estel de Ceba</title>
<meta name="description" content="Estel de Ceba. Botiga gurmet. Palma - Tienda gourmet" />
<meta name="robots" content="index, follow, max-snippet:-1, max-image-preview:large, max-video-preview:-1" />
<link rel="canonical" href="https://web2025.gastronomicament.cat/ca/alimentacio/estel-de-ceba-botiga" />
<meta property="og:locale" content="ca_ES" />
<meta property="og:type" content="article" />
<meta property="og:title" content="Estel de Ceba" />
<meta property="og:description" content="Estel de Ceba. Botiga gurmet. Palma - Tienda gourmet" />
<meta property="og:url" content="https://web2025.gastronomicament.cat/ca/alimentacio/estel-de-ceba-botiga" />
<meta property="og:site_name" content="Gastronòmicament" />
<meta property="article:modified_time" content="2022-04-07T09:00:48+00:00" />
<meta property="og:image" content="https://web2025.gastronomicament.cat/wp-content/uploads/2014/04/productes-estel-de-ceba1.jpg" />
	<meta property="og:image:width" content="1800" />
	<meta property="og:image:height" content="1196" />
	<meta property="og:image:type" content="image/jpeg" />
<meta name="twitter:card" content="summary_large_image" />
<meta name="twitter:site" content="@gastronomicamen" />
<meta name="twitter:label1" content="Written by" />
	<meta name="twitter:data1" content="Redacció" />
<script type="application/ld+json" class="yoast-schema-graph">{"@context":"https://schema.org","@graph":[{"@type":"WebPage","@id":"https://web2025.gastronomicament.cat/ca/alimentacio/estel-de-ceba-botiga","url":"https://web2025.gastronomicament.cat/ca/alimentacio/estel-de-ceba-botiga","name":"Estel de Ceba","isPartOf":{"@id":"https://web2025.gastronomicament.cat/es/#website"},"primaryImageOfPage":{"@id":"https://web2025.gastronomicament.cat/ca/alimentacio/estel-de-ceba-botiga#primaryimage"},"image":{"@id":"https://web2025.gastronomicament.cat/ca/alimentacio/estel-de-ceba-botiga#primaryimage"},"thumbnailUrl":"https://web2025.gastronomicament.cat/wp-content/uploads/2014/04/productes-estel-de-ceba1.jpg","datePublished":"2014-04-07T19:05:56+00:00","dateModified":"2022-04-07T09:00:48+00:00","description":"Estel de Ceba. Botiga gurmet. Palma - Tienda gourmet","breadcrumb":{"@id":"https://web2025.gastronomicament.cat/ca/alimentacio/estel-de-ceba-botiga#breadcrumb"},"inLanguage":"ca-ES","potentialAction":[{"@type":"ReadAction","target":["https://web2025.gastronomicament.cat/ca/alimentacio/estel-de-ceba-botiga"]}]},{"@type":"ImageObject","inLanguage":"ca-ES","@id":"https://web2025.gastronomicament.cat/ca/alimentacio/estel-de-ceba-botiga#primaryimage","url":"https://web2025.gastronomicament.cat/wp-content/uploads/2014/04/productes-estel-de-ceba1.jpg","contentUrl":"https://web2025.gastronomicament.cat/wp-content/uploads/2014/04/productes-estel-de-ceba1.jpg","width":1800,"height":1196},{"@type":"BreadcrumbList","@id":"https://web2025.gastronomicament.cat/ca/alimentacio/estel-de-ceba-botiga#breadcrumb","itemListElement":[{"@type":"ListItem","position":1,"name":"Alimentació","item":"https://web2025.gastronomicament.cat/es/cercador-alimentacio"},{"@type":"ListItem","position":2,"name":"Estel de Ceba. Botiga"}]},{"@type":"WebSite","@id":"https://web2025.gastronomicament.cat/es/#website","url":"https://web2025.gastronomicament.cat/es/","name":"Gastronòmicament","description":"Portal de restaurants, receptes i actualitat gastronòmica","publisher":{"@id":"https://web2025.gastronomicament.cat/es/#organization"},"potentialAction":[{"@type":"SearchAction","target":{"@type":"EntryPoint","urlTemplate":"https://web2025.gastronomicament.cat/es/?s={search_term_string}"},"query-input":{"@type":"PropertyValueSpecification","valueRequired":true,"valueName":"search_term_string"}}],"inLanguage":"ca-ES"},{"@type":"Organization","@id":"https://web2025.gastronomicament.cat/es/#organization","name":"Gastronòmicament","url":"https://web2025.gastronomicament.cat/es/","logo":{"@type":"ImageObject","inLanguage":"ca-ES","@id":"https://web2025.gastronomicament.cat/es/#/schema/logo/image/","url":"https://web2025.gastronomicament.cat/wp-content/uploads/2016/09/header-logo.jpg","contentUrl":"https://web2025.gastronomicament.cat/wp-content/uploads/2016/09/header-logo.jpg","width":277,"height":39,"caption":"Gastronòmicament"},"image":{"@id":"https://web2025.gastronomicament.cat/es/#/schema/logo/image/"},"sameAs":["https://x.com/gastronomicamen"]}]}</script>
<!-- / Yoast SEO plugin. -->

Gastronòmicament

Redacció

Alimentació

Portal de restaurants, receptes i actualitat gastronòmica
